alculate the remainder when h is divided by 2.
1
Let g be (30/12)/(2/4). Suppose 0 = 2*v + g - 79. Let n = -12 - -25. Calculate the remainder when v is divided by n.
11
Let r(u) = u**2 - 5*u + 4. Suppose 3*b - 6 = b. Suppose -c + 1 = b*y - 5*y, -12 = -3*c - 3*y. Calculate the remainder when r(5) is divided by c.
1
Suppose 13 = 2*b - 7. What is the remainder when 17 is divided by b?
7
Calculate the remainder when (-5)/(20/(-48)) + -2 is divided by 3.
1
What is the remainder when 271 is divided by 166/5 + (-72)/(-90)?
33
Let n(u) = 2*u**2 - 2*u + 5. Calculate the remainder when 54 is divided by n(-3).
25
Suppose 0 = -3*c + 5 + 1. Suppose -c*v - 318 = -g, -2*g + v + 638 = -v. What is the remainder when 4/22 + g/55 is divided by 3?
0
Suppose 0 = -4*u + u + 318. Suppose -u - 190 = -4*d. What is the remainder when d is divided by 19?
17
Let v be -3 + 2 + (2 - 2). Let q be v + (2 - 6*-2). Calculate the remainder when 11 is divided by q/2 - (-1)/(-2).
5
Suppose 6 = 4*f - 22. Suppose 0 = -y + 57 - f. Suppose 3*k - y = -2*k. Calculate the remainder when k is divided by 6.
4
Suppose -24 = 7*q - 13*q. Calculate the remainder when 22 is divided by q.
2
Let j = -29 + 46. What is the remainder when (-33)/((-3)/(9/3)) is divided by j?
16
Suppose -s + 27 = 2*w, 2*s = -3*s + 5*w + 75. Let z = -9 + s. Calculate the remainder when 18 is divided by z.
8
Let d(j) = -j**3 - 9*j**2 + 9*j - 1. Let m be d(-10). Suppose -3*h = -3*o - m, -4*o = -4*h - 7*o + 40. What is the remainder when 10 is divided by h?
3
Let w = 7 - 2. What is the remainder when (4/5)/(1/10) is divided by w?
3
Let a be (1 - (-1 + 1))*4. Let b = -4 + a. Calculate the remainder when 19 is divided by 10 - (b - 0)/3.
9
Let l = -8 + -16. Let p be (-3)/(0 + 9/l). Suppose -2*a = z - 3*a - p, -4*a - 8 = 4*z. What is the remainder when 8 is divided by z?
2
Suppose 3*i + 0*i - 9 = l, -4*i + 12 = 2*l. Suppose -5 = -3*j + 4*h + 39, -2*h = -3*j + 34. Calculate the remainder when j is divided by i.
2
Let z be (-1016)/(-28) + (-2)/7. Let o = z - 15. Let t = o - 15. Calculate the remainder when t is divided by 4.
2
Suppose 0 = 5*w - 4*u + 5, -w + 2*w = -3*u + 18. Suppose -w*p = -32 + 2. Calculate the remainder when p is divided by 3.
1
What is the remainder when 4 is divided by 6*(5/6 - (-9)/(-18))?
0
Let f(g) = g**3 - 7*g**2 + g - 3. Let r be f(7). Suppose 3 = -w + 3*z + 1, 0 = r*w - 2*z - 32. Calculate the remainder when 38 is divided by w.
8
Let a be (-8)/6*(-6 - 3). Suppose 3*q - 4*x + a = 51, -q + 6 = x. What is the remainder when (-105)/(-4) - (-3)/(-12) is divided by q?
8
Let t be -1*(-3 - -11)/(-2). Let r be (6/t)/((-7)/(-14)). Suppose 5*i = 13 - r. What is the remainder when 6 is divided by i?
0
Let v = -3 + 38. What is the remainder when v is divided by 18?
17
Let b(t) = -3*t + 3. Let r be b(-6). Suppose -r = -w - 2. Let h = 7 + w. What is the remainder when h is divided by 14?
12
Suppose 200 = 5*x + 3*r, -3*x = -7*x - 3*r + 163. Calculate the remainder when x is divided by 11.
4
Suppose -2*y - 3*y = -30. Calculate the remainder when -2*((-39)/y - -1) is divided by 6.
5
Suppose 11*t + 109 - 1011 = 0. Calculate the remainder when t is divided by 22.
16
Let u(k) = -k**2 - 8*k - 3. Let d = -14 - -10. Let l = 6 + d. Calculate the remainder when u(-7) is divided by l.
0
Let b = 169 + -260. Let m be (-6)/(-9) - b/3. Suppose -3*t + 4*y - 13 = -54, y = -3*t + m. What is the remainder when 21 is divided by t?
10
Suppose 6*p - 5*t - 15 = p, -39 = -5*p - t. Let u(v) = v**3 + 19*v**2 - 5*v - 76. Calculate the remainder when u(-19) is divided by p.
5
Let p(o) = -o**3 + 5*o**2 - 3*o - 1. Let s = 4 - 2. Calculate the remainder when p(4) is divided by s.
1
Let s = 15 + 14. Suppose 3*h - 10 - 20 = 0. What is the remainder when s is divided by h?
9
Suppose -131 = 2*k + 1. Let x = k - -96. What is the remainder when x is divided by 11?
8
Suppose -z + 101 = 5*p, -4*z = -9*p + 4*p + 121. What is the remainder when 62 is divided by p?
20
Suppose -4*p + 32 = -8. Suppose -p + 47 = k. What is the remainder when k is divided by 13?
11
Let o(f) = -f**3 - f**2 - f + 6. Calculate the remainder when 8 is divided by o(0).
2
Suppose -24 = -6*a + 780. What is the remainder when a is divided by 34?
32
Let a be 36/3 - -3 - 3. What is the remainder when (-4)/(a/27)*-5 is divided by 23?
22
Suppose -10 = -2*g + g. Suppose 2*z + 0 = 12. What is the remainder when g is divided by z?
4
Let n be (-5)/(-25) - (-184)/5. Let f = -26 + n. Calculate the remainder when 28 is divided by f.
6
Suppose -4*r - 8 = 0, r + 32 = 2*x + 2*r. What is the remainder when 30 is divided by x?
13
Let m(f) = -1. Let n(j) = -2*j + 10. Let z(h) = 2*m(h) + n(h). What is the remainder when 85 is divided by z(-7)?
19
Let k(o) = -2*o - 6. Let f be k(-5). Suppose f*m - 5 = -85. Let l = -14 - m. What is the remainder when 10 is divided by l?
4
Let c be (-12)/(-8) + 2/4. Suppose 0 = 3*l + c*t + 2*t - 29, -3*l + 4*t - 11 = 0. Calculate the remainder when 4 is divided by l.
1
Let p be (-396)/39 - 4/(-26). Let c = 14 + p. Let v = 36 + -26. What is the remainder when v is divided by c?
2
Let t(x) = -4 + 4*x - 11*x + 15 + x**2 - 1. Calculate the remainder when 52 is divided by t(8).
16
Suppose -2*w - 3*w - 5*z = -55, -5*w - 4*z + 56 = 0. Suppose 4*a = -4, 4*y = a + w + 13. Calculate the remainder when 9 is divided by y.
3
Let u(g) = g - 1. Let c be u(-1). What is the remainder when c/(-11) + (-4992)/(-132) is divided by 10?
8
Let w = -23 - -39. Suppose 4*c = 5*m + 24, 5*c = 2*m - 5*m + 30. What is the remainder when w is divided by c?
4
Let m be (2 + 0)/(2/4). Let v = -6 + m. What is the remainder when 17 is divided by -2 - (v*3 - 2)?
5
Let s(u) = u**2 + 7*u - 13. Suppose -5*j + 18 - 63 = 0. What is the remainder when 13 is divided by s(j)?
3
Let u = -40 + 46. What is the remainder when u is divided by 4?
2
Suppose -w = 2*t + t - 10, -3*w + 12 = 0. Let h(k) = 5*k. What is the remainder when (4*-3)/(2/(-3)) is divided by h(t)?
8
Let s = -60 + 83. Calculate the remainder when 68 is divided by s.
22
Let w = 5 + -2. What is the remainder when 6 is divided by w?
0
Suppose r - 3 = 3*h, 5*h - 1 = -r - 6. Suppose r*j - 5*j + 230 = 0. Calculate the remainder when j is divided by (22/(-2) + -1)*-1.
10
Let n(w) = -7*w - 10. What is the remainder when n(-5) is divided by 9?
7
What is the remainder when 77 is divided by 25*(1 + 1/(-5))?
17
Let l = 8 + -6. Suppose 4*x - 35 = -o, 3*o + x = l*o + 29. Calculate the remainder when o is divided by 14.
13
Let s(m) = -m**3 + 3*m**2 + 5*m - 1. Let l be s(4). Suppose 0*i + l*i - 18 = 0. Suppose -5*j + 14 = -36. Calculate the remainder when j is divided by i.
4
Let q = 0 + 0. Suppose q = z - 4, -i - 3*z + 0*z = -25. Suppose 40 = g + w, g + 3*w - 73 + 27 = 0. What is the remainder when g is divided by i?
11
Let y(n) = 37*n + 1. Let x(i) = -i**3 + 4*i**2 + 4*i + 4. Let z be x(5). What is the remainder when y(1) is divided by 10*(4 + (z - 1))?
18
Suppose -2 = 2*i - 8. Suppose 2*a + 38 = 2*f, 0 = 2*f - a - i*a - 34. Calculate the remainder when 41 is divided by f.
20
Let g = 12 + -8. Suppose 0 = -2*h - 6, 2*x + h = 5 + 6. Calculate the remainder when x is divided by g.
3
Let r be 1215/20 + 2/8. Let y = -4 + r. What is the remainder when y is divided by 10?
7
Let d be ((-2)/(-4) - 1)*4. Suppose 2*b = -0*b - 10, -5*k - 4*b = -30. Calculate the remainder when (-26)/(-1) + d/(-1) is divided by k.
8
Let h(m) = 5*m - 10. Let f(z) = 11*z - 21. Let i(a) = -6*f(a) + 13*h(a). Suppose 0 = -0*x - 3*x + 6. Calculate the remainder when x is divided by i(-6).
0
Let x = -71 + 131. What is the remainder when x is divided by 24?
12
Let z = 40 + -33. What is the remainder when 26 is divided by z?
5
Let h(s) = 7*s + 4. Let j(d) = -d - 1. Let n(z) = -h(z) - 6*j(z). Calculate the remainder when 35 is divided by n(-10).
11
Let g(z) = z**2 + 2*z - 2. Let r be g(-4). Calculate the remainder when (100/r)/((-2)/(-3)) is divided by (-2)/(-3) + (-120)/(-9).
11
Let n = -4 - -10. What is the remainder when -1 + n - (3 - 2) is divided by 46/14 + (-6)/21?
1
Suppose -2*a + b - 133 = 0, -2*a - 2*b = -37 + 155. Let g = 108 + a. Calculate the remainder when g is divided by 15.
14
Suppose -5*m = -0*m - 15. Suppose l = m*r + 8, -3*l + 0*r + 50 = 4*r. Let j(s) = 6*s - 9. What is the remainder w